nvert -11101 (base 2) to base 10.
-29
What is 60 (base 15) in base 3?
10100
1889 (base 11) to base 4
211130
What is -627 (base 15) in base 11?
-1051
111001000010101 (base 2) to base 14
a901
Convert 2b0a (base 12) to base 15.
176a
What is a6a (base 16) in base 12?
1662
Convert 10110000100 (base 2) to base 16.
584
Convert -926 (base 12) to base 15.
-5d6
What is 91 (base 11) in base 3?
10201
Convert 10141 (base 5) to base 11.
560
What is 2589 (base 11) in base 13?
16ba
1111 (base 8) to base 7
1464
a20 (base 11) to base 3
1200122
500 (base 6) to base 9
220
Convert 324532 (base 6) to base 13.
c389
What is -c8 (base 13) in base 4?
-2210
Convert -1201120 (base 3) to base 10.
-1257
41617 (base 8) to base 9
25646
What is -13615 (base 10) in base 15?
-407a
Convert 1420413 (base 5) to base 10.
29483
What is 12d6b (base 14) in base 13?
18257
Convert 27380 (base 9) to base 14.
6a84
-423506 (base 7) to base 13
-274a3
Convert -1a7 (base 12) to base 8.
-417
What is -1021 (base 8) in base 4?
-20101
What is -14314 (base 8) in base 15?
-1d33
-100011101001100 (base 2) to base 11
-12793
-149 (base 16) to base 15
-16e
Convert -14535 (base 7) to base 12.
-2410
Convert 3573 (base 9) to base 15.
bc3
-21444 (base 5) to base 6
-10535
20031 (base 4) to base 14
297
40312 (base 5) to base 2
101000010110
415 (base 11) to base 7
1313
101232 (base 7) to base 3
212200200
Convert 3d48 (base 15) to base 16.
333e
4688 (base 9) to base 12
2022
Convert -441 (base 10) to base 8.
-671
39 (base 16) to base 9
63
-12021111 (base 3) to base 9
-5244
-1159 (base 11) to base 10
-1516
e09 (base 15) to base 9
4300
Convert 13618 (base 11) to base 6.
225415
13124 (base 6) to base 3
2201221
Convert 216 (base 10) to base 14.
116
What is 798 (base 15) in base 5?
23333
What is -279 (base 15) in base 10?
-564
Convert 3166 (base 14) to base 6.
103234
-3141 (base 5) to base 13
-265
112332 (base 4) to base 10
1470
2220020 (base 3) to base 4
201000
Convert -14556 (base 7) to base 2.
-111111011011
What is -31230133 (base 4) in base 9?
-84847
11101011 (base 2) to base 7
454
-15c9 (base 13) to base 4
-302013
What is -1677 (base 8) in base 9?
-1275
-101010011 (base 2) to base 3
-110120
What is 101 (base 3) in base 14?
a
Convert 10 (base 15) to base 14.
11
What is -112022221 (base 3) in base 15?
-3167
Convert 1112 (base 5) to base 6.
421
What is 610d (base 16) in base 12?
12465
What is -43 (base 16) in base 7?
-124
Convert -2213 (base 7) to base 10.
-794
What is 4405 (base 11) in base 4?
1122311
Convert bea (base 15) to base 2.
101010000111
-17341 (base 12) to base 8
-101041
-37138 (base 11) to base 6
-1051122
-20211 (base 5) to base 13
-796
What is -323 (base 14) in base 13?
-388
Convert -359 (base 16) to base 15.
-3c2
What is 351043 (base 6) in base 13?
108a8
Convert 200001 (base 3) to base 15.
227
55505 (base 6) to base 15
2465
415 (base 7) to base 6
544
Convert -216bb (base 14) to base 7.
-454624
What is -711 (base 10) in base 11?
-597
Convert -296 (base 11) to base 3.
-110212
-1202112 (base 3) to base 13
-779
Convert -212210220 (base 3) to base 7.
-101415
111000110 (base 2) to base 3
121211
What is -9de6 (base 16) in base 10?
-40422
Convert 120033 (base 4) to base 3.
2010110
What is 2431 (base 11) in base 4?
301230
What is 476 (base 8) in base 12?
226
Convert -3312 (base 5) to base 16.
-1c9
Convert 5648 (base 11) to base 15.
2308
Convert -10320002 (base 4) to base 12.
-b682
2133 (base 4) to base 2
10011111
-520 (base 10) to base 16
-208
Convert -45275 (base 8) to base 2.
-100101010111101
741 (base 8) to base 9
584
10452 (base 7) to base 8
5112
Convert 10011110101 (base 2) to base 12.
899
Convert 20111 (base 3) to base 9.
214
16544 (base 9) to base 14
420c
Convert -3301203 (base 4) to base 8.
-36143
Convert -22225 (base 8) to base 7.
-36206
4915 (base 10) to base 3
20202001
-45024 (base 8) to base 13
-882a
Convert 5603 (base 8) to base 10.
2947
What is 161 (base 10) in base 15?
ab
What is -3004 (base 5) in base 14?
-1d1
Convert 7ae (base 16) to base 8.
3656
-4474 (base 12) to base 4
-1312120
-218 (base 16) to base 5
-4121
What is -2255 (base 6) in base 15?
-25e
What is -42411 (base 6) in base 5?
-141032
Convert 1113123 (base 5) to base 14.
72d6
What is 4423 (base 7) in base 14?
813
5d (base 14) to base 3
10002
What is 1320 (base 7) in base 3?
200200
-2301 (base 11) to base 2
-101111010010
-10001000110100 (base 2) to base 6
-104312
What is -aac (base 13) in base 12?
-1088
31033 (base 4) to base 11
700
-2711 (base 8) to base 13
-89c
269 (base 10) to base 12
1a5
What is 1781 (base 12) in base 3?
10212221
Convert 1677 (base 8) to base 9.
1275
Convert 11101111000 (base 2) to base 13.
b41
-5401 (base 6) to base 15
-56a
What is 321402 (base 6) in base 3?
1100001102
What is a27 (base 13) in base 2?
11010111011
11103221 (base 4) to base 6
244345
Convert -12761 (base 10) to base 12.
-7475
Convert -1113121 (base 6) to base 9.
-85354
Convert -1010012001 (base 3) to base 7.
-121105
Convert 47574 (base 10) to base 6.
1004130
691 (base 13) to base 3
1112221
Convert -2443130 (base 5) to base 12.
-23009
381 (base 10) to base 12
279
Convert 10222 (base 3) to base 10.
107
100001101 (base 2) to base 11
225
Convert 5656 (base 14) to base 6.
153152
102202 (base 3) to base 2
100111101
-101000111101011 (base 2) to base 14
-78dd
What is -3121 (base 6) in base 10?
-697
What is 1121010102 (base 3) in base 14?
b659
Convert -4267 (base 13) to base 15.
-2ae1
What is 176505 (base 8) in base 6?
1220101
2340 (base 6) to base 9
686
-431232 (base 5) to base 10
-14567
What is -31410 (base 7) in base 13?
-36b1
What is -176 (base 10) in base 8?
-260
-5b49 (base 14) to base 12
-9285
16a28 (base 11) to base 8
56473
36075 (base 8) to base 11
1064a
What is 3131 (base 6) in base 14?
383
-8b11 (base 15) to base 4
-13030303
-2b9b2 (base 12) to base 8
-170726
-53331 (base 7) to base 14
-4b51
311203 (base 5) to base 8
23702
Convert -34c (base 15) to base 8.
-1353
What is -13827 (base 9) in base 4?
-2103031
Convert -21100211 (base 3) to base 8.
-12370
-4122 (base 8) to base 14
-ac2
Convert -ba9 (base 12) to base 10.
-1713
Convert -44421 (base 5) to base 11.
-2379
-431 (base 9) to base 15
-187
What is 17344 (base 14) in base 16?
e3a0
What is -2214 (base 6) in base 14?
-28a
-381 (base 14) to base 10
-701
22037 (base 8) to base 10
9247
41165 (base 7) to base 16
273b
Convert 3735 (base 8) to base 2.
11111011101
-127568 (base 9) to base 6
-1355525
What is 6337 (base 10) in base 13?
2b66
What is 402 (base 7) in base 16?
c6
What is 210 (base 4) in base 11?
33
Convert 114336 (base 7) to base 4.
11010102
1b48 (base 16) to base 14
278c
-33215 (base 6) to base 8
-11013
1401 (base 7) to base 11
451
11111010 (base 2) to base 16
fa
What is -e4b5 (base 16) in base 12?
-29a71
1001010110011011 (base 2) to base 6
453151
What is 166 (base 7) in base 12?
81
100000000001 (base 2) to base 13
c18
-3a41 (base 14) to base 2
-10100000001001
-c1d (base 15) to base 4
-222220
What is 3579 (base 11) in base 16?
124c
Convert 11742 (base 9) to base 10.
7895
112313 (base 4) to base 2
10110110111
204 (base 12) to base 15
147
Convert 2476 (base 10) to base 12.
1524
What is -1020002 (base 3) in base 6?
-4045
What is -219 (base 10) in base 11?
-18a
What is -39c (base 13) in base 15?
-2c6
What is 99 (base 15) in base 16?
90
Convert 1244 (base 8) to base 15.
301
-19968 (base 10) to base 8
-47000
9851 (base 10) to base 16
267b
21143 (base 5) to base 9
1851
-dbb (base 14) to base 11
-2047
What is 2300 (base 8) in base 10?
1216
Convert 410341 (base 5) to base 3.
200010200
Convert -1000000000001 (base 2) to base 10.
-4097
1061 (base 14) to base 7
11151
Convert -40612 (base 9) to base 16.
-6875
What is -1233 (base 9) in base 14?
-49b
What is 13ae (base 15) in base 6?
31302
What is 1104 (base 11) in base 5?
21311
Convert -210312 (base 4) to base 15.
-a73
7b13 (base 12) to base 7
54633
-1999 (base 10) to base 13
-baa
Convert 1525 (base 6) to base 13.
25a
What is -9b7 (base 15) in base 12?
-1331
Convert -11134 (base 8) to base 2.
-1001001011100
34 (base 9) to base 5
111
What is 1101011010 (base 2) in base 7?
2334
Convert -202003 (base 4) to base 16.
-883
Convert -4012 (base 6) to base 14.
-464
Convert 4916 (base 11) to base 2.
1100100011110
What is 20001022 (base 3) in base 10?
4409
Convert 3